48283 a multiple of 3?
True
Does 20 divide 9663680?
True
Does 673 divide 931432?
True
Does 12 divide 24532?
False
Does 12 divide 300444?
True
Is 316 a factor of 324532?
True
Is 48 a factor of 3599808?
True
Is 16 a factor of 1771312?
True
Is 46 a factor of 19370508?
True
Does 952 divide 4478661?
False
Is 287863 a multiple of 20?
False
Does 260 divide 796297?
False
Does 79 divide 95590?
True
Does 65 divide 609635?
True
Does 50 divide 61550?
True
Does 17 divide 8079?
False
Does 67 divide 1543170?
False
Is 10 a factor of 129229?
False
Is 3 a factor of 859674?
True
Is 370 a factor of 1072842?
False
Is 241785 a multiple of 135?
True
Is 29 a factor of 123961?
False
Is 343 a factor of 772779?
True
Is 17 a factor of 14804416?
True
Is 566577 a multiple of 11?
True
Is 49 a factor of 50519?
True
Is 437 a factor of 236760?
False
Is 249 a factor of 2152854?
True
Is 82 a factor of 136858?
True
Does 50 divide 7214850?
True
Is 13309 a multiple of 113?
False
Is 212190 a multiple of 33?
True
Is 44015 a multiple of 10?
False
Does 5 divide 715455?
True
Is 99 a factor of 28305?
False
Does 443 divide 1126549?
True
Is 71958 a multiple of 201?
True
Does 3 divide 154311?
True
Does 269 divide 549979?
False
Is 43470 a multiple of 135?
True
Is 19 a factor of 3612717?
True
Does 26 divide 149105?
False
Does 14 divide 26292?
True
Is 7092825 a multiple of 255?
True
Is 12 a factor of 353143?
False
Is 103 a factor of 385536?
False
Does 28 divide 422156?
True
Is 1798914 a multiple of 435?
False
Is 18 a factor of 781650?
True
Does 49 divide 377447?
True
Does 143 divide 350766?
False
Is 183 a factor of 1758716?
False
Is 5 a factor of 257749?
False
Is 2853328 a multiple of 425?
False
Is 22139180 a multiple of 1015?
True
Does 2 divide 37312?
True
Does 36 divide 329400?
True
Is 787258 a multiple of 18?
False
Is 35 a factor of 101544?
False
Is 254760 a multiple of 579?
True
Is 61716 a multiple of 5?
False
Is 3365706 a multiple of 582?
True
Is 8569686 a multiple of 24?
False
Is 20708625 a multiple of 575?
True
Is 243756 a multiple of 122?
True
Is 2079519 a multiple of 219?
False
Does 66 divide 1740079?
False
Is 44 a factor of 3895797?
False
Is 1243389 a multiple of 42?
False
Is 7339766 a multiple of 485?
False
Is 2 a factor of 635471?
False
Is 1053659 a multiple of 8?
False
Is 93 a factor of 1291316?
False
Is 9 a factor of 76887?
True
Is 12 a factor of 1515600?
True
Is 138 a factor of 105294?
True
Does 19 divide 170354?
True
Does 6 divide 29034?
True
Is 3101085 a multiple of 81?
True
Is 9 a factor of 6831?
True
Is 144768 a multiple of 78?
True
Does 529 divide 7294910?
True
Does 64 divide 11139008?
True
Is 236932 a multiple of 19?
False
Does 50 divide 80916?
False
Is 423 a factor of 9246309?
False
Is 1857876 a multiple of 12?
True
Is 293 a factor of 1876770?
False
Does 31 divide 1117922?
True
Is 31248 a multiple of 36?
True
Is 38 a factor of 1124344?
True
Is 316726 a multiple of 10?
False
Is 13 a factor of 124020?
True
Is 2 a factor of 186150?
True
Does 17 divide 9153021?
True
Does 91 divide 1442350?
True
Is 104 a factor of 2212630?
False
Is 17 a factor of 2136616?
False
Is 6 a factor of 7344928?
False
Does 247 divide 1247594?
False
Does 28 divide 1041560?
False
Is 566784 a multiple of 128?
True
Does 173 divide 56694?
False
Does 8 divide 58958?
False
Does 55 divide 74690?
True
Does 6 divide 179004?
True
Is 5936958 a multiple of 25?
False
Does 240 divide 1947426?
False
Does 34 divide 10064?
True
Is 36 a factor of 144994?
False
Is 17 a factor of 12019?
True
Is 500497 a multiple of 499?
True
Is 355960 a multiple of 28?
False
Is 5037 a multiple of 11?
False
Is 7964 a multiple of 74?
False
Is 129610 a multiple of 21?
False
Is 545161 a multiple of 411?
False
Is 12608076 a multiple of 12?
True
Is 33 a factor of 278487?
True
Is 61 a factor of 5829135?
False
Does 33 divide 23001?
True
Is 854623 a multiple of 13?
False
Does 2588 divide 11110284?
True
Is 525300 a multiple of 102?
True
Is 4431184 a multiple of 39?
False
Does 581 divide 6890079?
True
Does 3 divide 3313421?
False
Does 55 divide 98780?
True
Does 83 divide 343454?
True
Does 42 divide 59289?
False
Is 4428160 a multiple of 148?
True
Is 68 a factor of 767488?
False
Is 1279275 a multiple of 20?
False
Does 491 divide 608840?
True
Is 159570 a multiple of 348?
False
Is 770 a factor of 662200?
True
Does 526 divide 4056512?
True
Is 2980331 a multiple of 18?
False
Is 18 a factor of 67301?
False
Is 7400 a multiple of 40?
True
Is 257 a factor of 3307526?
False
Does 284 divide 3559656?
True
Does 448 divide 4600192?
False
Is 11 a factor of 385385?
True
Is 473 a factor of 4289215?
False
Is 1386580 a multiple of 62?
False
Is 17 a factor of 590024?
False
Is 54 a factor of 18342897?
False
Does 54 divide 6953025?
False
Is 13 a factor of 82823?
True
Is 1679694 a multiple of 95?
False
Does 232 divide 143216?
False
Is 21 a factor of 126151?
False
Is 305139 a multiple of 111?
True
Does 264 divide 1423224?
True
Is 9034732 a multiple of 23?
False
Does 411 divide 1197161?
False
Is 46586 a multiple of 63?
False
Is 9524695 a multiple of 48?
False
Does 41 divide 32973?
False
Does 454 divide 228889?
False
Is 388600 a multiple of 3?
False
Does 949 divide 4857344?
False
Does 1195 divide 249510?
False
Does 3 divide 53669?
False
Is 1215 a multiple of 14?
False
Does 132 divide 221622?
False
Is 791 a factor of 9669920?
False
Is 51015 a multiple of 14?
False
Is 57 a factor of 155724?
True
Is 157129 a multiple of 124?
False
Is 888976 a multiple of 145?
False
Does 8 divide 141432?
True
Is 75072 a multiple of 10?
False
Is 1487 a factor of 660228?
True
Is 306161 a multiple of 211?
True
Is 11 a factor of 14916?
True
Does 762 divide 933450?
True
Is 13186118 a multiple of 13?
False
Is 45 a factor of 807435?
True
Is 3658443 a multiple of 56?
False
Is 14 a factor of 321991?
False
Is 175248 a multiple of 24?
True
Is 129638 a multiple of 8?
False
Is 42 a factor of 341964?
True
Is 26 a factor of 504556?
True
Is 15 a factor of 21278?
False
Does 78 divide 10978?
False
Is 106 a factor of 4078435?
False
Does 100 divide 2239895?
False
Does 36 divide 416971?
False
Is 5 a factor of 30005?
True
Does 194 divide 132114?
True
Does 15 divide 6929220?
True
Is 1128582 a multiple of 819?
True
Does 12 divide 20180232?
True
Is 14 a factor of 79660?
True
Is 239488 a multiple of 32?
True
Is 9 a factor of 829665?
True
Is 189 a factor of 211079?
False
Does 14 divide 5084646?
True
Is 17 a factor of 367149?
True
Is 1843402 a multiple of 785?
False
Does 6 divide 120942?
True
Is 1832105 a multiple of 32?
False
Does 35 divide 105424?
False
Is 10 a factor of 31460?
True
Is 1033849 a multiple of 598?
False
Is 24 a factor of 88728?
True
Is 28 a factor of 61801?
False
Is 202937 a multiple of 38?
False
Is 61 a factor of 96628?
False
Is 109872 a multiple of 36?
True
Is 127 a factor of 188722?
True
Is 293 a factor of 332072?
False
Is 541 a factor of 577247?
True
Is 24 a factor of 336742?
False
Is 10701 a multiple of 123?
True
Is 76 a factor of 1291086?
False
Does 26 divide 81221?
False
Is 7 a factor of 1654588?
False
Does 137 divide 1334809?
False
Does 40 divide 728360?
True
Does 105 divide 79485?
True
Is 15 a factor of 2250000?
True
Does 830 divide 754470?
True
Is 1777190 a multiple of 147?
False
Is 50 a factor of 3768200?
True
Is 18775827 a multiple of 123?
True
Does 13 divide 62036?
True
Is 699857 a multiple of 441?
False
Is 143192 a multiple of 14?
True
Is 1866834 a multiple of 54?
True
Does 7 divide 2529538?
False
Is 147 a factor of 3383204?
False
Is 50 a factor of 19892?
False
Does 44 divide 2903019?
False
Is 72 a factor of 171812?
False
Is 3148265 a multiple of 1049?
False
Is 1685585 a multiple of 984?
False
Is 45 a factor of 54654?
False
Does 97 divide 29843214?
True
Is 14 a factor of 292678?
False
Does 422 divide 364608?
True
Is 911185 a multiple of 11?
True
Does 20 divide 93180?
True
Is 20748 a multiple of 14?
True
Is 1105818 a multiple of 791?
True
Is 600279 a multiple of 141?
False
Is 1359599 a multiple of 119?
False
Is 32 a factor of 47680?
True
Is 97 a factor of 111453?
True
Does 44 divide 1466344?
True
Is 83809 a multiple of 38?
False
Does 581 divide 126786?
False
Is 513 a factor of 3051647?
False
Does 36 divide 67824?
True
Is 220 a factor of 73896?
False
Does 35 divide 3097395?
True
Is 95 a fact